0*g**2 - 7*g + 19. Let a(n) = 3*o(n) + 2*y(n). What is a(5)?
6
Let q(i) be the second derivative of -i**4/12 - 4*i**3/3 - i**2/2 + 769*i. Let y(z) = z**2 + 7*z + 5. Let t be y(-5). What is q(t)?
14
Suppose -7 = -4*u - a, 4*u + 3*a - 12 = 7*a. Let w(v) = -v**3 - 2*v**2 + 5*v - 5. Let q(y) = 2*y**3 + 3*y**2 - 6*y + 6. Let x(c) = 2*q(c) + 3*w(c). Give x(u).
11
Let v(t) = t + 4. Let y(u) = -u**3 + 19*u**2 - 7 + 15*u - 6*u**2 - 14. Let g be y(14). Determine v(g).
-3
Let g(b) = -3*b**2 - 22 + 7 - 2*b + b**3 + 8. Let w be g(4). Let n(i) = 7*i - 1. Determine n(w).
6
Let t(s) = -6*s + 1 + 0*s - 14*s + 7*s. Let p = -9 - -10. Determine t(p).
-12
Let a(o) = -4*o + 72 - 24 + o**2 - 24 - 28. What is a(-4)?
28
Let z = 2879/2 + -1439. Let n(l) be the first derivative of l + z*l**2 + 8. Calculate n(-7).
-6
Let u(h) = 32*h - 6 - 3 - 27*h. Let z be u(2). Let g(p) = -12*p**2 - p + 1. What is g(z)?
-12
Let j(s) = 20*s**3 - 2*s**2 - 35*s - 25. Let u(g) = -7*g**3 + g**2 + 12*g + 9. Let n(d) = 6*j(d) + 17*u(d). What is n(-6)?
3
Let d(c) = 5 + 41*c + 2 - 39*c - 4 - 2. Determine d(1).
3
Let t(c) be the first derivative of c**5/20 - c**4/2 + 7*c**2/2 + 6*c + 26. Let w(h) be the first derivative of t(h). Determine w(5).
-18
Let j(a) = -a**3 - 11*a**2 - 11*a - 12. Let m be (-1)/((-4)/(-6))*38. Let n = m + 47. Give j(n).
-2
Let p(q) = -q**3 - 6*q**2 + 3*q + 7. Suppose -r + 45 + 37 = 4*w, -4*w + 4*r = -72. Suppose -4*u = -0*u - 2*i + w, 5*u + 2*i + 34 = 0. What is p(u)?
-11
Let d(m) be the first derivative of -m**3/2 - 4*m**2 + 14*m - 6. Let o(s) be the first derivative of d(s). Calculate o(-7).
13
Let h(c) = -c**3 + 4*c**2 + 5*c + 1. Suppose -3*o + 10 - 4 = 0. Suppose 0*x + 6 = o*x. Suppose -r = -x*r + 10. Determine h(r).
1
Let z(s) = s**3 - 29*s**2 + 34*s - 166. Let h be z(28). Let p(b) be the third derivative of 1/12*b**4 + 0*b - 3*b**h + b**3 + 0. What is p(-4)?
-2
Suppose -4*z - 2*u + 4 = -8, -3*z + 2*u = -9. Let c(d) be the second derivative of 5/6*d**z + 0 - 3*d + 0*d**2. What is c(-1)?
-5
Let h = 73 - 59. Let u = h - 8. Let c(z) = z**3 - 5*z**2 - 6*z + 6. What is c(u)?
6
Let l be -3 + (-1 - -2 - 0). Let o(b) = -2*b - 3. Let x(r) = -9*r - 13. Let z(t) = -4*o(t) + x(t). Determine z(l).
1
Let q(h) = -h**2 - 2*h + 2. Let d be (-8)/10 + 261/45. Let j = d - 7. Let c(w) = 2*w**3 + 2*w**2 - 4*w - 4. Let o be c(j). Calculate q(o).
-6
Suppose 5*t + 10 = 0, 4*h + 32 = -0*h - 2*t. Let d(q) = -6*q**2 + q - 6. Let s(j) = 5*j**2 + 6. Let g(k) = h*s(k) - 6*d(k). Determine g(5).
-11
Let m(z) = 3*z + 4 - 6 + 2 - 2. Let h be (1 + 2/(-8))*4. Give m(h).
7
Suppose -16 = -4*q - l, -4 = -q - 0*q - 3*l. Let r(w) = -7 - q - 9*w + w - w - w**2. Give r(-8).
-3
Let s = 386 - 386. Let v(i) = i**3 + i**2 - 46. Calculate v(s).
-46
Let f = -5 - -7. Suppose 30 = 3*c - f*c - 5*o, 0 = -5*c + 4*o + 45. Let h(x) be the first derivative of -x**2/2 + x + 404. Give h(c).
-4
Let x be 30/20 + 71/2. Let q = x - 32. Let m(b) = -b**2 + 6*b. What is m(q)?
5
Let p(r) = -r**2 - 19*r - 15. Let k be p(-18). Suppose 2*t - k - 8 = g, 4*g = -5*t + 60. Suppose -5*h + t*h - 15 = 0. Let y(v) = v**3 - 5*v**2 + 6. Give y(h).
6
Let f(u) = 5*u**2 - 6*u + 17. Let q(c) = c**2 - 2*c + 4. Let x(j) = 2*f(j) - 9*q(j). What is x(-3)?
-11
Let v(m) = m**3 - 10*m**2 + 16*m + 4. Let k be v(8). Let u(j) = 1 + j**3 - 4*j**2 + j**2 - 2*j + 1 - 7. Calculate u(k).
3
Let l = -60 - -65. Suppose 0 = 2*h - 2*x + 3 - 1, 0 = 4*h - 2*x - 2. Let f(k) = 7 + 6*k**h - k**3 + 8 - 3*k - 11. Give f(l).
14
Let t(k) = 3*k**2 + k + 1. Let i(m) = -13*m**2 - 4*m - 5. Let n(z) = -2*i(z) - 9*t(z). What is n(-3)?
-5
Let i(n) = 10*n**3 + 5*n**2 - 3*n + 3. Let q(g) = -5*g**3 - 2*g**2 + g - 1. Let u(s) = 2*i(s) + 5*q(s). Let o = 994 - 993. What is u(o)?
-5
Suppose -3*d + 9 = -3*f, 2*f + 2 - 4 = -2*d. Let t(j) = j + 5 - 8*j**2 + 3 + d*j**2 - j**3 + 6*j. What is t(-7)?
8
Let k(m) = 73*m - 292. Let i be k(4). Let q(g) = g**3 - g**2 - g - 6. Give q(i).
-6
Let r(i) = -i + 1. Let j(p) = 3*p**2 - 1. Let b(n) = -j(n) + r(n). Suppose 5*m - 5*t = -360, -2*m + 4*m - t = -144. Let v be m/(-40) - 1/(-5). Calculate b(v).
-12
Let b(t) = t**2 - 8*t + 4. Let s be -12*7/(84/(-8)). Give b(s).
4
Suppose -10*p + 11*p - 8 = 0. Suppose 5*w = 3*w - p. Let t(c) = -2*c**2 - 5*c + 4. Determine t(w).
-8
Suppose g + 3*l + 1 = 11, -2*g + l = -27. Let f = 5 - g. Let j(u) be the first derivative of u**3/3 + 7*u**2/2 + u - 97. Determine j(f).
9
Suppose -5 = -4*a + 3*m, -3*a + 3*m = -0*m - 3. Let l = 10 + a. Let p(h) = -9*h + l*h + h**2 - 2*h**2. Give p(3).
0
Let d(f) = 8*f + 4. Let o(q) = -q + 1. Let n(l) = d(l) - 3*o(l). Suppose -5*y - i = -10, -5*y + 4 = -3*y - i. Suppose -7*c - 9 = -y. Determine n(c).
-10
Let n(o) = o**3 + 3*o**2 - o. Let i be n(-3). Let a = 0 + i. Suppose -5*x - a*v - 6 = 0, 2*x + x = -3*v. Let c(m) = -m**3 - 3*m**2 + 2*m - 1. Give c(x).
-7
Let b(l) = l**3 - 3*l**2 + l + 1. Suppose 3*d - 14 = 9*u - 5*u, 5*u + 10 = 0. Determine b(d).
-1
Suppose 16*m - 4*m + 72 = 0. Let b(n) be the third derivative of -n**5/60 - n**4/4 - 4*n**3/3 + 14*n**2. Determine b(m).
-8
Let n = -7 + 4. Let y = -53 + 57. Let u(i) = i**2 - 5*i**2 + 3*i**2 - 1 - y*i. Calculate u(n).
2
Let p(x) be the first derivative of 2*x**3/3 - 5*x**2 + 7*x + 166. Give p(6).
19
Let d be 7 - 2 - (-2)/4*-4. Let c(m) be the first derivative of 6 - d*m + 5/2*m**2. Calculate c(2).
7
Let v(x) = -x**3 - 51*x**2 - 98*x - 18. Let w be v(-49). Let d(k) = -k**2 - 19*k - 29. Give d(w).
-11
Let j(s) = -52*s**3 + 7*s + 10*s + 51*s**3 - 16*s**2 + 2. Determine j(-17).
2
Let a(z) = -z**3 - 2*z**2 + 11*z + 7. Suppose 0 = -11*y - 4*y - 60. Calculate a(y).
-5
Let y(f) = f - 9. Suppose -2*i - i = -4*g - 35, 0 = -3*g + 5*i - 29. Let t be (-27)/(-4) + (-2)/g. What is y(t)?
-2
Let x(l) be the first derivative of l**2 - 13*l - 638. Suppose 3*y + 4 = m, 0 = 5*m - 3*y - 0*y - 44. Determine x(m).
7
Let x(u) be the second derivative of -u**3/3 - 9*u**2/2 - 8*u - 1. Calculate x(-5).
1
Let t(a) = 0*a + a**3 + 1 - a + 1 - 2*a**2. Determine t(1).
0
Let y(k) be the first derivative of k**3/3 + 7*k**2 + 7*k - 85. Give y(-13).
-6
Let m(i) be the second derivative of i**4/6 - 2*i**3/3 + i**2/2 + i - 40. Determine m(3).
7
Let l(o) = -2 + 1548*o**2 - 14 - 1549*o**2 - 12*o. Calculate l(-10).
4
Let r(k) = -k**2 - 4*k + 3. Suppose 4*n + 3 = -1, -5*n = -5*q + 15. Suppose 6*u - 10 = q. Determine r(u).
-9
Let t(d) be the second derivative of -7*d - 1/2*d**3 - 1/12*d**4 + 0 - 3/2*d**2. Let q(p) = -p**3 + p**2 - 2. Let u be q(0). What is t(u)?
-1
Let q(k) = -6*k - 8. Let m(d) = 27*d + 0 + 1 - 28*d. Let y(z) = 5*m(z) - q(z). What is y(0)?
13
Let r(l) = -l**3 + l**2 - l - 3. Suppose 0 = -15*p + 12*p + 3. Let o(g) = -g**2 + 1. Let n(j) = p*r(j) + 6*o(j). Determine n(-5).
8
Let s(i) be the second derivative of i**3/6 - 5*i**2/2 + 158*i. Determine s(7).
2
Let n(u) be the second derivative of -3*u**5/5 - u**3/6 - u**2/2 - 4*u. Let d = 9 + -4. Suppose -2*x - d = 3*x. Calculate n(x).
12
Suppose 0*v = -3*v - u + 3, 2*v - 5*u = 19. Suppose v*z + 2*z + 2*y + 62 = 0, -3*z = 5*y + 50. Let j = -12 - z. Let r(a) = 2*a + 2. Calculate r(j).
8
Let r(a) = 1 - 17*a**2 + 8*a**2 + 10*a**2. Give r(2).
5
Suppose -n - h = -5*n + 2, 5*n - 5*h - 10 = 0. Let t(u) = -3 + 6 + n - u. Calculate t(-4).
7
Suppose 3*a = 4*a - 5*b + 8, -3*a = -2*b - 28. Suppose 0*k - k - 4*g = a, 40 = 5*k - 5*g. Let m(u) = -3*u + 2*u + 5*u**2 - k - u**3 + 0*u. Give m(5).
-9
Let d(h) = h - 15. Let c be d(23). Let g(j) = -2*j**2 + 2 + 19*j - 28*j - 4 + 3*j**2. Calculate g(c).
-10
Let d(q) be the third derivative of 3*q**4/8 + q**3/2 + q**2. Suppose -2*j - 5 = -1. Give d(j).
-15
Let v(w) = -w**3 - 8*w**2 + 2*w + 11. Let x be (-3)/(-1) - (-15)/5. Let z = -2 - x. Determine v(z).
-5
Let c(r) = r**2 - 11*r - 12. Let u be c(9). Let s = 26 + u. Let d(k) = 4*k + 5*k - 7*k. Give d(s).
-8
Let k(l) = -6 + 2*l - 2 + 7. Let h(g) = g - 4 + 3 + 3. Let u be h(0). Calculate k(u).
3
Let s(l) = -l - 9. Suppose -18*q = 53 + 19. Give s(q).
-5
Suppose 8 = 8*h - 6*h. Let l(g) = 4 - 3 - h*g**2 - 1479*g + 1477*g - g**3. Give l(-4).
9
Let u(p) = -60*p + 27*p + 3 + 32*p. Calculate u(4).
-1
Let b(f) = -2*f**2 - 8*f + 2. Suppose -409*n - 4 = -408*n. What is b(n)?
2
Let z(d) = 2*d**3 + 21 - 5*d**3 + 1974*d**2 + 3*d**3 - d**3 + d - 1983*d**2. Determ